{"id":217,"date":"2020-01-14T10:05:39","date_gmt":"2020-01-14T09:05:39","guid":{"rendered":"http:\/\/www.biologie.codep45.fr\/?page_id=217"},"modified":"2020-01-14T10:19:26","modified_gmt":"2020-01-14T09:19:26","slug":"soiree-les-requins-sont-ils-dangereux","status":"publish","type":"page","link":"http:\/\/www.biologie.codep45.fr\/?page_id=217","title":{"rendered":"Soir\u00e9e \u00ab\u00a0Les requins sont-ils dangereux ?\u00a0\u00bb"},"content":{"rendered":"\n<p>Lundi 13 janvier 2020 \u00e0 19 h 30 , locaux du Codep 45 FFESSM \u00e0 Saint Denis en Val<\/p>\n\n\n\n<p>Retrouvez le  topo en PDF avec ses liens : <\/p>\n\n\n\n<div class=\"wp-block-file\"><a href=\"http:\/\/www.biologie.codep45.fr\/wp-content\/uploads\/2020\/01\/Les-requins-sont-ils-dangereux-2020.pdf\">Les requins sont-ils dangereux 2020<\/a><a href=\"http:\/\/www.biologie.codep45.fr\/wp-content\/uploads\/2020\/01\/Les-requins-sont-ils-dangereux-2020.pdf\" class=\"wp-block-file__button\" download>T\u00e9l\u00e9charger<\/a><\/div>\n\n\n\n<p>Les vid\u00e9os qui ne sont pas issues directement d&rsquo;Internet ne pourront \u00eatre visualis\u00e9s pour le moment car notre site ne peut stocker des fichiers trop volumineux. <\/p>\n\n\n\n<p>Je m&#8217;emploie \u00e0 trouver une solution <\/p>\n","protected":false},"excerpt":{"rendered":"<p>Lundi 13 janvier 2020 \u00e0 19 h 30 , locaux du Codep 45 FFESSM \u00e0 Saint Denis en Val Retrouvez le topo en PDF avec ses liens : Les vid\u00e9os qui ne sont pas issues directement d&rsquo;Internet ne pourront \u00eatre visualis\u00e9s pour le moment car notre site ne peut stocker des fichiers trop volumineux. Je &hellip; <\/p>\n<p class=\"link-more\"><a href=\"http:\/\/www.biologie.codep45.fr\/?page_id=217\" class=\"more-link\">Continuer la lecture<span class=\"screen-reader-text\"> de &laquo;&nbsp;Soir\u00e9e \u00ab\u00a0Les requins sont-ils dangereux ?\u00a0\u00bb&nbsp;&raquo;<\/span><\/a><\/p>\n","protected":false},"author":1,"featured_media":0,"parent":0,"menu_order":0,"comment_status":"open","ping_status":"closed","template":"","meta":[],"_links":{"self":[{"href":"http:\/\/www.biologie.codep45.fr\/index.php?rest_route=\/wp\/v2\/pages\/217"}],"collection":[{"href":"http:\/\/www.biologie.codep45.fr\/index.php?rest_route=\/wp\/v2\/pages"}],"about":[{"href":"http:\/\/www.biologie.codep45.fr\/index.php?rest_route=\/wp\/v2\/types\/page"}],"author":[{"embeddable":true,"href":"http:\/\/www.biologie.codep45.fr\/index.php?rest_route=\/wp\/v2\/users\/1"}],"replies":[{"embeddable":true,"href":"http:\/\/www.biologie.codep45.fr\/index.php?rest_route=%2Fwp%2Fv2%2Fcomments&post=217"}],"version-history":[{"count":3,"href":"http:\/\/www.biologie.codep45.fr\/index.php?rest_route=\/wp\/v2\/pages\/217\/revisions"}],"predecessor-version":[{"id":222,"href":"http:\/\/www.biologie.codep45.fr\/index.php?rest_route=\/wp\/v2\/pages\/217\/revisions\/222"}],"wp:attachment":[{"href":"http:\/\/www.biologie.codep45.fr\/index.php?rest_route=%2Fwp%2Fv2%2Fmedia&parent=217"}],"curies":[{"name":"wp","href":"https:\/\/api.w.org\/{rel}","templated":true}]}}